/q + 2/(-4). Is 50/m*(-136)/(-10) prime?
False
Let u(n) = 801*n**2 + 98*n - 2. Is u(9) prime?
True
Suppose 4 = 2*n + 5*z - 3*z, 20 = -4*z. Let s(k) = k - 1. Let r be s(n). Let v(g) = -g**3 + 12*g**2 - 3*g - 7. Is v(r) a composite number?
False
Let q(u) = 5*u + 15. Let r(c) = -4*c - 15. Let p(y) = -2*q(y) - 3*r(y). Let z be p(-8). Is (-334 - z)*4/(-12) a prime number?
False
Let u be (-1)/(-4) + (-26200)/(-32). Let y be u/33 + 4/22. Let q = 10 + y. Is q composite?
True
Suppose y - 2*w - 2 = -9, -5*w - 35 = 5*y. Let m(a) be the second derivative of -a**5/20 - 5*a**4/12 - 2*a**3/3 + 7*a**2/2 - 8*a. Is m(y) a composite number?
True
Suppose 5 = 5*b, -3*g - 2*b = -4169 - 52476. Is g composite?
True
Let v = -2 - -3. Let c be (-5)/((-2 - v) + 2). Suppose -3*o = -2*j - 221, c*o + 5*j = o + 333. Is o composite?
True
Let w(c) = 185*c**3 + 2*c. Is w(3) prime?
False
Suppose 3*b + 3116 = -b. Let c = -1428 - b. Let x = c - -1190. Is x composite?
False
Let x = 6492 - 4183. Is x a composite number?
False
Is (-2 + 4 + -1)/((-1)/(-42865)) a prime number?
False
Let y(t) = -114*t - 11. Let j(r) = -r**3 - 11*r**2 - 2*r - 26. Let h be j(-11). Is y(h) composite?
True
Let o = 1787 - -798. Let s = 4386 - o. Is s a prime number?
True
Let m(v) = 1156*v**3 - 3*v**2 + v + 1. Let k be m(1). Suppose -k - 310 = -5*j. Is j composite?
False
Let r = 7 - 4. Let q(o) = -5*o + o**3 + 1 - 2*o**r + 0*o**3 + 0 + 5*o**2. Is q(-6) a prime number?
False
Suppose 1889*r = 1901*r - 195516. Is r a prime number?
False
Suppose 21 - 9 = 4*a. Suppose g = -a*q - g + 13459, 3*q - 3*g - 13464 = 0. Is q a composite number?
True
Is (2 - (0 + -1))*(-325177)/(-87) prime?
True
Let d = 8205 + 6166. Is d prime?
False
Is 3/96*12 - 30346/(-16) prime?
False
Suppose -2*b + 0*b - 2*g = 0, g = -2. Suppose -3*y = -x + 143, -b*y = 5*x - 631 - 84. Suppose 5 = -3*z + x. Is z a prime number?
False
Let t = 17761 + 6268. Is t prime?
True
Suppose -3*n - 3*v = -18, -9 = -2*n + v + 12. Suppose n*i - 321 = 156. Is i a composite number?
False
Suppose -4*l + 6*l + r - 42 = 0, 4*l = -4*r + 88. Let h be -724*(55/l - -1). Is h/(-9) + 16/(-24) a prime number?
False
Suppose -i + 14569 = -b, 72833 = -7*i + 12*i + b. Is i a composite number?
True
Suppose 4*s + 2*w = 8, -4*w = -2*w. Suppose -s*t + 11 = -5*h, -4*t + h + 67 = -0*h. Suppose -d + 113 = -t. Is d a prime number?
True
Let n = -21 + 23. Let d = -4 - n. Let g = 33 - d. Is g composite?
True
Let r(l) = 2*l - 6. Let b = 27 - 21. Let y be r(b). Suppose y*m + 7494 = 12*m. Is m a prime number?
True
Let p(n) = n**3 - 11*n**2 + 16*n - 14. Let q be p(11). Is 142*(q/12 + -5) composite?
True
Is 8886 - (5 - (6 + 0)) composite?
False
Let m be 3/((-12)/(-2)*(-4)/(-24)). Suppose 0 = -m*a + 3, n + a - 210 = 260. Is n a prime number?
False
Let z be (1/2)/((-3)/(-18)). Suppose -z*n + 8 + 4 = 0. Suppose -i + 785 = n*i. Is i a composite number?
False
Let q(y) = 13*y**2 + y + 7. Let c(l) = -l**3 + l**2 - l - 4. Let k be c(0). Is q(k) prime?
True
Let x(g) be the second derivative of 5*g**4/4 + g**3/3 + g**2 + 17*g. Is x(-1) composite?
True
Let z be 279/(-18) - (3/3)/(-2). Is 1/(-2*(z/(-3774))/(-5)) a composite number?
True
Suppose -y + 0 = -3. Suppose -5*s = -2*z - 5, 5*s = y*z - 0*z + 10. Let k = s - -8. Is k a prime number?
True
Suppose t = 3*l - 13795, 7*l - 8*l = 3*t - 4585. Is l a prime number?
True
Is ((-104)/16)/(-13)*319810 prime?
False
Suppose 20*n - 16*n - 111381 = q, 0 = -2*n + 2*q + 55692. Is n prime?
False
Suppose -10*t = i - 15*t - 4746, -18874 = -4*i - 2*t. Is i prime?
True
Is ((-58)/4)/(0 - (-6)/(-348)) a composite number?
True
Suppose -3*j = 3*q - 29 - 1633, 4*q - 2217 = -5*j. Is q a prime number?
False
Let u(r) = -11*r + 2. Let b be u(1). Is 79/(2/b*(-9)/4) prime?
False
Let o = 30158 - -15221. Is o prime?
False
Let s(d) be the first derivative of -41*d**2/2 - 2*d - 3. Is s(-11) a prime number?
True
Let p be (92/6)/(16/(-1560) - 0). Let m = p + 2577. Is m composite?
True
Let k = -314 - -568. Let t = 895 - k. Is t a prime number?
True
Suppose 0 = 5*i + 2*m - 1820, 3*m - 1083 = -5*i + 2*i. Let w = -205 + i. Is w a prime number?
False
Let g = -65 + 77. Suppose -g*r - 2219 = -15167. Is r prime?
False
Let n = 402 - 271. Let k = 203 - n. Let w = k + -50. Is w a composite number?
True
Let w = -11121 + 17408. Is w a prime number?
True
Suppose -5*j - a - 982 + 369 = 0, -2*a = j + 119. Let y = 136 - j. Is y prime?
False
Suppose 6*w - 2647 = 7823. Is w composite?
True
Suppose 3*x + 3*n - 3 = 0, 3 = -3*x - 8*n + 3*n. Suppose 3*u = 5*z - 508, -5*z + x*u = -z - 400. Suppose 41 = r - z. Is r a prime number?
False
Suppose 0 = -f - i + 8919, -5*f + 44607 = -0*i + 2*i. Is f prime?
True
Suppose 5*o - 3*o - 4*f = -4, 4*o = -4*f + 16. Suppose 5*v - 2877 = 3*b, 1162 = -0*v + o*v - 4*b. Let u = v - 256. Is u composite?
False
Suppose -16*t + 175161 + 152183 = 0. Is t prime?
False
Let m be (-54)/(-126) - (216/14 + -2). Let l = 328 - m. Is l a composite number?
True
Let k be 8/3 + (-3)/(-9). Suppose k*u + 16 = 7*u. Suppose 4*r + t + 84 = 233, -4*r + 152 = u*t. Is r composite?
False
Let u = -64 + 428. Suppose -2*c - 2*c = z - 294, 5*c + 3*z - u = 0. Is c a prime number?
False
Let o = 26 - 22. Let x be (-8)/(-6)*(7 - o). Suppose -x*n + 51 = 3*w, 4*w + n - 33 = 22. Is w a prime number?
True
Suppose 0 = -17*b + 20*b - 5316. Suppose -895 = -2*w - o, -3*o - o = -4*w + b. Is w a prime number?
False
Suppose 1519 + 9657 = 8*a. Is a a composite number?
True
Suppose -3*l - 840 = 9*l. Is (-14)/l - (-14228)/10 composite?
False
Let m be 42/20 - (-24)/(-240). Suppose 0 = -m*z + 581 + 5. Is z a composite number?
False
Suppose -14 - 16 = 2*c. Let r be 3/(2 - (-21)/c). Suppose 0 = r*i + 4*z - 779, i + 2*z - 628 = -3*i. Is i a composite number?
True
Let s be 1*(-2 + (3 - -130)). Suppose -2*h - s + 513 = 0. Is h composite?
False
Let u be 4*(3 + (-6)/3). Suppose 5562 = 5*d + 4*q - q, -2*d + q = -2227. Suppose 2*o - 448 = -2*f, 9*o = u*o + 2*f + d. Is o a composite number?
False
Let f(k) = 366*k**2 - k - 4. Let w be f(3). Suppose -p + w = 3*s, -3*p + 5*s + 5554 + 4335 = 0. Is p composite?
True
Suppose -4783 = 41*l - 42*l. Is l a composite number?
False
Suppose 6 = 3*f - 5*w - 11, -f + 3*w = -7. Is 1521/12 + 1/f prime?
True
Let b(c) = -c**3 + c**2 - c - 1. Let z(m) = 13*m**3 - 6*m**2 + 5*m + 6. Suppose -34*t + 15 = -37*t. Let v(n) = t*b(n) - z(n). Is v(-2) prime?
True
Let k = 17941 + -8648. Is k prime?
True
Suppose -2 = r - 8. Is 50/15*153/r a composite number?
True
Let s(t) = 6*t**2 - 2*t + 2 + 1 - 4*t + 5*t. Let v be s(-4). Suppose -f - 148 = -q - 6*f, 4*f = q - v. Is q prime?
False
Let x(b) = 129*b**3 - 5*b**2 + 6*b + 47. Is x(6) a composite number?
False
Let b(k) be the second derivative of 7*k**4/12 + 7*k**3/6 + 13*k**2/2 + 16*k. Is b(-6) a composite number?
False
Suppose -64 = -3*c + 19*c. Is ((-6)/9)/(c/39594) a composite number?
False
Suppose -26*f + 27*f - 4 = 0. Is 1654 + (4 - (f/(-4) - -2)) prime?
True
Suppose -32*t + 36*t - 64324 = 0. Let w = -11304 + t. Is w composite?
True
Let j be ((-1)/(-1))/(-1)*6. Let c = 9 + j. Suppose -c*d = -2*d - 787. Is d a composite number?
False
Suppose -3 = z - 0*z. Let t be (3 + -4 - z) + 111. Suppose 3*w - t + 20 = 0. Is w composite?
False
Let c = 97 - 94. Suppose 1266 = 3*f + c*f. Is f a prime number?
True
Let y(x) = 4*x**3 + x**2 - 2*x - 1. Let u be y(-3). Let o = u - -57. Let s = -23 - o. Is s a prime number?
False
Let q be 3*5/(-15) + 7. Suppose 5*x - q*x + 1679 = 0. Is x composite?
True
Let j(a) = a - 14. Let t be j(18). Suppose -6 = -2*h + t. Suppose h*q + 184 = 9*q. Is q composite?
True
Suppose -2*r + 3*r = 8. Suppose -i + 3*i + r = 0. Is -53*((-4 - i) + -3) a composite number?
True
Let l(j) = 3*j**3 - 5*j**2 - 11*j + 15. Let b be (-8 - -9) + 4 + 1. Is l(b) a composite number?
True
Suppose 0 = -3*o - 4*l + 1, -5*o + 3*o - 4 = 5*l. Suppose -o*y = -y. Suppose y = -4*w - 588 + 1544. Is w composite?
False
Let l(p) = 2*p**2 + 13*p - 19. Let z be l(-8). Suppose u = -2, 6393 = 2*y + z*u + 1465. Is y composite?
True
Let v(g) = -311*g**3 + 2*g - 2. Let t be v(2). Let n = t + 3657. Is n prime?
True
Let b be (-3)/(-12) + 10314/(-8). Let w = -852 - b. Is w composite?
True
Let c(p) be the first derivative of -p**4/4 - p**3 + 3*p**2 - 6*p + 2. Suppose 4*f + 10 = 5*n, -f - 4*n + 0*n = 1